{"id":67,"date":"2016-12-23T17:47:19","date_gmt":"2016-12-23T17:47:19","guid":{"rendered":"https:\/\/www.buergerhaus-erfttal.de\/index.php\/kurse-und-gruppen\/"},"modified":"2016-12-23T17:47:19","modified_gmt":"2016-12-23T17:47:19","slug":"kurse-und-gruppen","status":"publish","type":"page","link":"https:\/\/www.buergerhaus-erfttal.de\/?page_id=67","title":{"rendered":"Kurse und Gruppen"},"content":{"rendered":"<table style=\"width: 1168px;\">\n<tbody>\n<tr style=\"background-color: #e4e2e2;\">\n<td colspan=\"2\" style=\"width: 751px; background-color: #ebeae8; text-align: center; vertical-align: top;\"><span style=\"font-size: 14pt;\"><strong>MONTAG:<\/strong><\/span>&nbsp;<\/td>\n<\/tr>\n<tr>\n<td style=\"width: 751px; vertical-align: top; text-align: center;\">&nbsp;<\/td>\n<td style=\"width: 401px; vertical-align: top;\">&nbsp;<\/td>\n<\/tr>\n<tr>\n<td style=\"width: 751px; vertical-align: top;\">\n<div><span style=\"text-decoration: underline;\"><strong>Ausgleichsgymnastik f\u00fcr Frauen<\/strong><\/span><\/div>\n<div>Mo.: 09:30 &#8211; 10:15 Uhr<\/div>\n<div>In der R\u00fcckenschule lernen die Teilnehmerinnen einfache Dehn-, Kr\u00e4ftigungs- und Koordinations\u00fcbungen, die die Rumpfmuskulatur st\u00e4rken und Beschwerden vorbeugen.<\/div>\n<div><strong>Leitung: Helga Hillen<\/strong><\/div>\n<\/td>\n<td style=\"width: 401px; vertical-align: top;\"><img loading=\"lazy\" decoding=\"async\" class=\" size-full wp-image-63\" src=\"https:\/\/www.buergerhaus-erfttal.de\/wp-content\/uploads\/2016\/12\/gymnastikkurs-275.jpg\" alt=\"\" width=\"253\" height=\"190\" \/><\/td>\n<\/tr>\n<tr>\n<td style=\"width: 751px; vertical-align: top;\">&nbsp;<\/td>\n<td style=\"width: 401px; vertical-align: top;\">&nbsp;<\/td>\n<\/tr>\n<tr>\n<td colspan=\"2\" style=\"width: 751px; vertical-align: top;\">\n<div style=\"text-align: left;\"><span style=\"text-decoration: underline;\"><strong>R\u00fccken- und Wirbels\u00e4ulengymnastik ab 50 Jahren<\/strong><\/span><\/div>\n<div>Mo.: 10:30 &#8211; 11:15 Uhr<\/div>\n<div style=\"text-align: left;\">Dieser Kurs vermittelt K\u00f6rperbewusstsein, kr\u00e4ftigt die Muskeln, l\u00f6st Verspannungen und trainiert die Problemzonen bei Schonung der Gelenke und Wirbels\u00e4ule. Verschiedene Entspannungs\u00fcbungen sorgen f\u00fcr einen harmonischen Ausklang.<\/div>\n<div style=\"text-align: left;\">Der Kurs ist f\u00fcr jedermann geeignet.<\/div>\n<div style=\"text-align: left;\"><strong>Leitung: Fr. Treptow<\/strong><\/div>\n<div style=\"text-align: left;\"><strong>Veranstalter und Anmeldung: DRK<\/strong> <strong>Familienbildungswerk<\/strong> &#8211; Tel.: 02131\/7459515<\/div>\n<\/td>\n<\/tr>\n<tr>\n<td style=\"width: 751px; vertical-align: top;\">&nbsp;<\/td>\n<td style=\"width: 401px; vertical-align: top;\">&nbsp;<\/td>\n<\/tr>\n<tr>\n<td style=\"width: 751px; vertical-align: top;\">\n<div><span style=\"text-decoration: underline;\"><strong>Sucht-Selbsthilfegruppe<\/strong><\/span><\/div>\n<div>Selbsthilfe- und Helfergemeinschaft f\u00fcr Suchtkranke und Angeh\u00f6rige<\/div>\n<div>Mo.: 19:30 &#8211; 21:00 Uhr<\/div>\n<div><strong>Leitung: Monika K\u00fcster<\/strong><\/div>\n<\/td>\n<td style=\"width: 401px; vertical-align: top;\">&nbsp;<\/td>\n<\/tr>\n<tr>\n<td style=\"width: 751px; vertical-align: top;\">&nbsp;<\/td>\n<td style=\"width: 401px; vertical-align: top;\">&nbsp;<\/td>\n<\/tr>\n<tr style=\"background-color: #ebeae8;\">\n<td colspan=\"2\" style=\"width: 751px; vertical-align: top; text-align: center;\"><span style=\"font-size: 14pt;\"><strong>DIENSTAG:<\/strong><\/span>&nbsp;<\/td>\n<\/tr>\n<tr>\n<td style=\"width: 751px; vertical-align: top;\">&nbsp;<\/td>\n<td style=\"width: 401px; vertical-align: top;\">&nbsp;<\/td>\n<\/tr>\n<tr>\n<td style=\"width: 751px; vertical-align: top;\">&nbsp;<\/td>\n<td style=\"width: 401px; vertical-align: top;\">&nbsp;<\/td>\n<\/tr>\n<tr>\n<td colspan=\"2\" style=\"width: 751px; background-color: #ebeae8; text-align: center; vertical-align: top;\"><span style=\"font-size: 14pt;\"><strong>MITTWOCH:<\/strong><\/span>&nbsp;<\/td>\n<\/tr>\n<tr>\n<td style=\"width: 751px; vertical-align: top;\">&nbsp;<\/td>\n<td style=\"width: 401px; vertical-align: top;\">&nbsp;<\/td>\n<\/tr>\n<tr>\n<td style=\"width: 751px; vertical-align: top;\">\n<div><span style=\"text-decoration: underline;\"><strong>Kids-Treff<\/strong><\/span><\/div>\n<div>Mi., Do.: 16:00 &#8211; 18:00 Uhr<\/div>\n<div>Spielen, singen, basteln und Geschichten aus der Bibel h\u00f6ren.<\/div>\n<div><strong>Leitung: Jutta Seel<\/strong> &#8211; Tel: 02137\/6880<\/div>\n<\/td>\n<td style=\"width: 401px; vertical-align: top;\">&nbsp;<\/td>\n<\/tr>\n<tr>\n<td style=\"width: 751px; vertical-align: top;\">&nbsp;<\/td>\n<td style=\"width: 401px; vertical-align: top;\">&nbsp;<\/td>\n<\/tr>\n<tr>\n<td style=\"width: 751px; vertical-align: top;\">\n<div><span style=\"text-decoration: underline;\"><strong>Kreativtreff<\/strong><\/span><\/div>\n<div>Mi.: ab 18.00 Uhr in der Cafeteria (au\u00dfer 3. Mi. im Monat)<\/div>\n<div>Frauen treffen sich, um gemeinsam zu stricken, h\u00e4keln, n\u00e4hen, basteln oder zu spielen im B\u00fcrgerhaus Erfttal. In netter Atmosph\u00e4re bei einer Tasse Tee k\u00f6nnen Neuigkeiten ausgetauscht werden.<\/div>\n<div><strong>Info: Magret Peters <\/strong>&#8211; Tel. 02131\/130765<\/div>\n<\/td>\n<td style=\"width: 401px; vertical-align: top;\"><img loading=\"lazy\" decoding=\"async\" class=\" size-full wp-image-64\" src=\"https:\/\/www.buergerhaus-erfttal.de\/wp-content\/uploads\/2016\/12\/kreativ1109-539.jpg\" alt=\"\" width=\"307\" height=\"230\" srcset=\"https:\/\/www.buergerhaus-erfttal.de\/wp-content\/uploads\/2016\/12\/kreativ1109-539.jpg 307w, https:\/\/www.buergerhaus-erfttal.de\/wp-content\/uploads\/2016\/12\/kreativ1109-539-300x225.jpg 300w\" sizes=\"auto, (max-width: 307px) 100vw, 307px\" \/><\/td>\n<\/tr>\n<tr>\n<td style=\"width: 751px; vertical-align: top;\">&nbsp;<\/td>\n<td style=\"width: 401px; vertical-align: top;\">&nbsp;<\/td>\n<\/tr>\n<tr>\n<td style=\"width: 751px; vertical-align: top;\">\n<div><span style=\"text-decoration: underline;\"><strong>Internationale Kochgruppe der Frauen<\/strong><\/span><\/div>\n<div>jeden 3. Mittwoch im Monat ab 18:00 Uhr in der Cafeteria<\/div>\n<div><strong>Info: Sonja Otter-Schulte<\/strong><\/div>\n<\/td>\n<td style=\"width: 401px; vertical-align: top;\"><img loading=\"lazy\" decoding=\"async\" class=\" size-full wp-image-65\" src=\"https:\/\/www.buergerhaus-erfttal.de\/wp-content\/uploads\/2016\/12\/intkochgruppe-1ec.jpg\" alt=\"\" width=\"307\" height=\"205\" srcset=\"https:\/\/www.buergerhaus-erfttal.de\/wp-content\/uploads\/2016\/12\/intkochgruppe-1ec.jpg 307w, https:\/\/www.buergerhaus-erfttal.de\/wp-content\/uploads\/2016\/12\/intkochgruppe-1ec-300x200.jpg 300w\" sizes=\"auto, (max-width: 307px) 100vw, 307px\" \/><\/td>\n<\/tr>\n<tr>\n<td style=\"width: 751px; vertical-align: top;\">&nbsp;<\/td>\n<td style=\"width: 401px; vertical-align: top;\">&nbsp;<\/td>\n<\/tr>\n<tr style=\"background-color: #ebeae8;\">\n<td colspan=\"2\" style=\"width: 751px; vertical-align: top; text-align: center;\"><span style=\"font-size: 14pt;\"><strong>DONNERSTAG<\/strong><\/span>:<\/td>\n<\/tr>\n<tr>\n<td style=\"width: 751px; vertical-align: top;\">&nbsp;<\/td>\n<td style=\"width: 401px; vertical-align: top;\">&nbsp;<\/td>\n<\/tr>\n<tr>\n<td style=\"width: 751px; vertical-align: top;\">\n<div><span style=\"text-decoration: underline;\"><strong>Kids-Treff<\/strong><\/span><\/div>\n<div>Mi., Do.: 16:00 &#8211; 18:00 Uhr<\/div>\n<div>Spielen, singen, basteln und Geschichten aus der Bibel h\u00f6ren.<\/div>\n<div><strong>Leitung: Jutta Seel<\/strong> &#8211; Tel: 02137\/6880<\/div>\n<\/td>\n<td style=\"width: 401px; vertical-align: top;\">&nbsp;<\/td>\n<\/tr>\n<tr>\n<td style=\"width: 751px; vertical-align: top;\">&nbsp;<\/td>\n<td style=\"width: 401px; vertical-align: top;\">&nbsp;<\/td>\n<\/tr>\n<tr>\n<td style=\"width: 751px; vertical-align: top;\">\n<div><span style=\"text-decoration: underline;\"><strong>Kochverein Novesia<\/strong><\/span><\/div>\n<div>jeder 4. Donnerstag im Monat von 18:00 &#8211; 22:00 Uhr<\/div>\n<div><strong>Leitung: Wolfhardt Scholz<\/strong><\/div>\n<\/td>\n<td style=\"width: 401px; vertical-align: top;\">&nbsp;<\/td>\n<\/tr>\n<tr>\n<td style=\"width: 751px; vertical-align: top;\">&nbsp;<\/td>\n<td style=\"width: 401px; vertical-align: top;\">&nbsp;<\/td>\n<\/tr>\n<tr style=\"background-color: #ebeae8;\">\n<td colspan=\"2\" style=\"width: 751px; vertical-align: top; text-align: center;\"><span style=\"font-size: 14pt;\"><strong>FREITAG:<\/strong><\/span>&nbsp;<\/td>\n<\/tr>\n<tr>\n<td style=\"width: 751px; vertical-align: top;\">&nbsp;<\/td>\n<td style=\"width: 401px; vertical-align: top;\">&nbsp;<\/td>\n<\/tr>\n<tr>\n<td style=\"width: 751px; vertical-align: top;\">\n<div><span style=\"text-decoration: underline;\"><strong>Seniorennachmittag im B\u00fcrgerhaus<\/strong><\/span><\/div>\n<div>Fr.: 16:00 &#8211; 19:00 Uhr<\/div>\n<div>Gem\u00fctliche Nachmittage f\u00fcr Senioren im B\u00fcrgerhaus mit Spielen, unterhalten Musik und Tee-Runden.<\/div>\n<div>Die Teilnahme ist kostenlos und ohne Anmeldung.<\/div>\n<div><strong>Info: Ella K\u00fchl<\/strong> &#8211; Tel. 02137\/933533<\/div>\n<\/td>\n<td style=\"width: 401px; vertical-align: top;\">&nbsp;<\/td>\n<\/tr>\n<tr>\n<td style=\"width: 751px; vertical-align: top;\">&nbsp;<\/td>\n<td style=\"width: 401px; vertical-align: top;\">&nbsp;<\/td>\n<\/tr>\n<tr>\n<td style=\"width: 751px; vertical-align: top;\">\n<div><span style=\"text-decoration: underline;\"><strong>Treffen des Freundeskreises der Deutschen aus der ehemaligen Sowjetunion e.V. <br \/><\/strong><\/span><\/div>\n<div>Fr.: 19:00 &#8211; 22:00 Uhr<\/div>\n<div><strong>Info: Alexander K\u00fchl<\/strong> &#8211; Tel. 02137\/93353<\/div>\n<\/td>\n<td style=\"width: 401px; vertical-align: top;\"><img loading=\"lazy\" decoding=\"async\" class=\" size-full wp-image-66\" src=\"https:\/\/www.buergerhaus-erfttal.de\/wp-content\/uploads\/2016\/12\/treffamfreitag-0c1.jpg\" alt=\"\" width=\"320\" height=\"240\" srcset=\"https:\/\/www.buergerhaus-erfttal.de\/wp-content\/uploads\/2016\/12\/treffamfreitag-0c1.jpg 320w, https:\/\/www.buergerhaus-erfttal.de\/wp-content\/uploads\/2016\/12\/treffamfreitag-0c1-300x225.jpg 300w\" sizes=\"auto, (max-width: 320px) 100vw, 320px\" \/><\/td>\n<\/tr>\n<tr>\n<td style=\"width: 751px; vertical-align: top;\">&nbsp;<\/td>\n<td style=\"width: 401px; vertical-align: top;\">&nbsp;<\/td>\n<\/tr>\n<\/tbody>\n<\/table>\n<hr \/>\n<p style=\"text-align: center;\"><em><strong>&nbsp;N\u00e4here Informationen erteilt das B\u00fcrgerhaus<\/strong><\/em><\/p>\n","protected":false},"excerpt":{"rendered":"<p>MONTAG:&nbsp; &nbsp; &nbsp; Ausgleichsgymnastik f\u00fcr Frauen Mo.: 09:30 &#8211; 10:15 Uhr In der R\u00fcckenschule lernen die Teilnehmerinnen einfache Dehn-, Kr\u00e4ftigungs- und Koordinations\u00fcbungen, die die Rumpfmuskulatur st\u00e4rken und Beschwerden vorbeugen. Leitung: Helga Hillen &nbsp; &nbsp; R\u00fccken- und Wirbels\u00e4ulengymnastik ab 50 Jahren Mo.: 10:30 &#8211; 11:15 Uhr Dieser Kurs vermittelt K\u00f6rperbewusstsein, kr\u00e4ftigt die Muskeln, l\u00f6st Verspannungen und [&hellip;]<\/p>\n","protected":false},"author":1,"featured_media":63,"parent":0,"menu_order":26,"comment_status":"closed","ping_status":"closed","template":"","meta":{"footnotes":""},"class_list":["post-67","page","type-page","status-publish","has-post-thumbnail","hentry"],"_links":{"self":[{"href":"https:\/\/www.buergerhaus-erfttal.de\/index.php?rest_route=\/wp\/v2\/pages\/67","targetHints":{"allow":["GET"]}}],"collection":[{"href":"https:\/\/www.buergerhaus-erfttal.de\/index.php?rest_route=\/wp\/v2\/pages"}],"about":[{"href":"https:\/\/www.buergerhaus-erfttal.de\/index.php?rest_route=\/wp\/v2\/types\/page"}],"author":[{"embeddable":true,"href":"https:\/\/www.buergerhaus-erfttal.de\/index.php?rest_route=\/wp\/v2\/users\/1"}],"replies":[{"embeddable":true,"href":"https:\/\/www.buergerhaus-erfttal.de\/index.php?rest_route=%2Fwp%2Fv2%2Fcomments&post=67"}],"version-history":[{"count":0,"href":"https:\/\/www.buergerhaus-erfttal.de\/index.php?rest_route=\/wp\/v2\/pages\/67\/revisions"}],"wp:featuredmedia":[{"embeddable":true,"href":"https:\/\/www.buergerhaus-erfttal.de\/index.php?rest_route=\/wp\/v2\/media\/63"}],"wp:attachment":[{"href":"https:\/\/www.buergerhaus-erfttal.de\/index.php?rest_route=%2Fwp%2Fv2%2Fmedia&parent=67"}],"curies":[{"name":"wp","href":"https:\/\/api.w.org\/{rel}","templated":true}]}}