{"id":79,"date":"2016-12-24T15:25:15","date_gmt":"2016-12-24T15:25:15","guid":{"rendered":"https:\/\/www.buergerhaus-erfttal.de\/index.php\/lotsenpunkt-erfttal\/"},"modified":"2026-03-17T13:15:37","modified_gmt":"2026-03-17T13:15:37","slug":"lotsenpunkt-erfttal","status":"publish","type":"page","link":"https:\/\/www.buergerhaus-erfttal.de\/?page_id=79","title":{"rendered":"Lotsenpunkt Erfttal"},"content":{"rendered":"<div class=\"wpb-content-wrapper\"><p>[vc_row][vc_column][vc_column_text css=&#8221;&#8221;]&nbsp;<\/p>\n<table style=\"width: 1150px; height: 35px;\">\n<tbody>\n<tr>\n<td style=\"text-align: center;\"><a class=\"jcepopup\" href=\"https:\/\/www.buergerhaus-erfttal.de\/wp-content\/uploads\/2013\/11\/Handzettel_Lotsenpunkt_Erfttal.pdf\" data-mediabox=\"1\">#Infoblatt: Lotsenpunkt<\/a><\/td>\n<td style=\"text-align: center;\">\u00a0 \u00a0 \u00a0 \u00a0 \u00a0 <a href=\"https:\/\/www.buergerhaus-erfttal.de\/wp-content\/uploads\/2016\/12\/uebersichtaltengerechtequartiershilfenerfttal-6f0.pdf\">#\u00dcbersicht altengerechte Quartierhilfen <\/a><\/td>\n<\/tr>\n<\/tbody>\n<\/table>\n<div><\/div>\n<p>[\/vc_column_text][\/vc_column][\/vc_row][vc_row][vc_column width=&#8221;1\/2&#8243;][vc_column_text css=&#8221;&#8221;]<strong>Eine Anlaufstelle f\u00fcr Seniorinnen und Senioren im Quartier<\/strong><\/p>\n<p><strong>Wenn Sie Fragen zu<\/strong><\/p>\n<ul>\n<li>Hilfeangeboten f\u00fcr Senioren<\/li>\n<li>Pflegeleistungen<\/li>\n<li>Wohnen im Alter<\/li>\n<li>Freizeitangeboten f\u00fcr Senioren<\/li>\n<li>Antragsformularen<\/li>\n<li>ehrenamtliche Aktivit\u00e4ten usw.<\/li>\n<li>auch zu Corona, Schnelltests und Impfungen<\/li>\n<\/ul>\n<p><strong>haben, sind wir f\u00fcr Sie da.<\/strong>[\/vc_column_text][\/vc_column][vc_column width=&#8221;1\/2&#8243;][vc_column_text css=&#8221;&#8221;]<\/p>\n<td style=\"vertical-align: top;\"><img loading=\"lazy\" decoding=\"async\" class=\" size-full wp-image-5\" src=\"https:\/\/www.buergerhaus-erfttal.de\/wp-content\/uploads\/2013\/11\/Lotsenpunkt-ad5.png\" alt=\"Lotsenpunkt\" width=\"350\" height=\"436\" \/><\/td>\n<p>[\/vc_column_text][\/vc_column][\/vc_row][vc_row][vc_column][vc_column_text css=&#8221;&#8221;]Sie erreichen mich telefonisch oder nach Terminabsprache pers\u00f6nlich[\/vc_column_text][\/vc_column][\/vc_row][vc_row][vc_column width=&#8221;1\/3&#8243;][vc_column_text css=&#8221;&#8221;]zu den folgenden Zeiten:<\/p>\n<p><strong>montags:<\/strong><\/p>\n<p><strong>dienstags:<\/strong>[\/vc_column_text][\/vc_column][vc_column width=&#8221;1\/3&#8243;][vc_column_text css=&#8221;&#8221;]&nbsp;<\/p>\n<p><strong>10:00 &#8211; 12:00 Uhr<\/strong><\/p>\n<p><strong>14:00 &#8211; 16:00 Uhr<\/strong>[\/vc_column_text][\/vc_column][vc_column width=&#8221;1\/3&#8243;][vc_column_text css=&#8221;&#8221;]&nbsp;<\/p>\n<p>im<\/p>\n<p><strong>B\u00fcrgerhaus Erfttal<\/strong><\/p>\n<p><strong>Bedburger Str. 61<\/strong><\/p>\n<p><strong>41469 Neuss<\/strong><\/p>\n<p><strong>Tel.: 02131\/101917<\/strong>[\/vc_column_text][\/vc_column][\/vc_row][vc_row][vc_column width=&#8221;1\/3&#8243;][vc_column_text css=&#8221;&#8221;]<\/p>\n<div><\/div>\n<table style=\"height: 193px; width: 157px;\">\n<tbody>\n<tr style=\"height: 169px;\">\n<td style=\"vertical-align: top; height: 169px; width: 147px;\"><img loading=\"lazy\" decoding=\"async\" class=\"alignnone wp-image-515 size-thumbnail\" src=\"https:\/\/www.buergerhaus-erfttal.de\/wp-content\/uploads\/2026\/03\/NafousHajStefy-150x150.jpg\" alt=\"\" width=\"150\" height=\"150\" srcset=\"https:\/\/www.buergerhaus-erfttal.de\/wp-content\/uploads\/2026\/03\/NafousHajStefy-150x150.jpg 150w, https:\/\/www.buergerhaus-erfttal.de\/wp-content\/uploads\/2026\/03\/NafousHajStefy-100x100.jpg 100w\" sizes=\"auto, (max-width: 150px) 100vw, 150px\" \/><\/td>\n<\/tr>\n<tr style=\"height: 24px;\">\n<td style=\"vertical-align: top; height: 24px; width: 147px;\"><strong>Nafous Haj Stefy<\/strong><\/td>\n<\/tr>\n<\/tbody>\n<\/table>\n<p>[\/vc_column_text][\/vc_column][vc_column width=&#8221;1\/3&#8243;][\/vc_column][vc_column width=&#8221;1\/3&#8243;][\/vc_column][\/vc_row]<\/p>\n<\/div>","protected":false},"excerpt":{"rendered":"<p>[vc_row][vc_column][vc_column_text css=&#8221;&#8221;]&nbsp; #Infoblatt: Lotsenpunkt \u00a0 \u00a0 \u00a0 \u00a0 \u00a0 #\u00dcbersicht altengerechte Quartierhilfen [\/vc_column_text][\/vc_column][\/vc_row][vc_row][vc_column width=&#8221;1\/2&#8243;][vc_column_text css=&#8221;&#8221;]Eine Anlaufstelle f\u00fcr Seniorinnen und Senioren im Quartier Wenn Sie Fragen zu Hilfeangeboten f\u00fcr Senioren Pflegeleistungen Wohnen im Alter Freizeitangeboten f\u00fcr Senioren Antragsformularen ehrenamtliche Aktivit\u00e4ten usw. auch zu Corona, Schnelltests und Impfungen haben, sind wir f\u00fcr Sie da.[\/vc_column_text][\/vc_column][vc_column width=&#8221;1\/2&#8243;][vc_column_text css=&#8221;&#8221;] [\/vc_column_text][\/vc_column][\/vc_row][vc_row][vc_column][vc_column_text [&hellip;]<\/p>\n","protected":false},"author":1,"featured_media":5,"parent":0,"menu_order":22,"comment_status":"closed","ping_status":"closed","template":"","meta":{"footnotes":""},"class_list":["post-79","page","type-page","status-publish","has-post-thumbnail","hentry"],"_links":{"self":[{"href":"https:\/\/www.buergerhaus-erfttal.de\/index.php?rest_route=\/wp\/v2\/pages\/79","targetHints":{"allow":["GET"]}}],"collection":[{"href":"https:\/\/www.buergerhaus-erfttal.de\/index.php?rest_route=\/wp\/v2\/pages"}],"about":[{"href":"https:\/\/www.buergerhaus-erfttal.de\/index.php?rest_route=\/wp\/v2\/types\/page"}],"author":[{"embeddable":true,"href":"https:\/\/www.buergerhaus-erfttal.de\/index.php?rest_route=\/wp\/v2\/users\/1"}],"replies":[{"embeddable":true,"href":"https:\/\/www.buergerhaus-erfttal.de\/index.php?rest_route=%2Fwp%2Fv2%2Fcomments&post=79"}],"version-history":[{"count":10,"href":"https:\/\/www.buergerhaus-erfttal.de\/index.php?rest_route=\/wp\/v2\/pages\/79\/revisions"}],"predecessor-version":[{"id":522,"href":"https:\/\/www.buergerhaus-erfttal.de\/index.php?rest_route=\/wp\/v2\/pages\/79\/revisions\/522"}],"wp:featuredmedia":[{"embeddable":true,"href":"https:\/\/www.buergerhaus-erfttal.de\/index.php?rest_route=\/wp\/v2\/media\/5"}],"wp:attachment":[{"href":"https:\/\/www.buergerhaus-erfttal.de\/index.php?rest_route=%2Fwp%2Fv2%2Fmedia&parent=79"}],"curies":[{"name":"wp","href":"https:\/\/api.w.org\/{rel}","templated":true}]}}